lculate the remainder when 66 is divided by 49.
17
Calculate the remainder when 1955 is divided by 163.
162
Calculate the remainder when 787 is divided by 23.
5
Calculate the remainder when 570 is divided by 11.
9
What is the remainder when 91 is divided by 26?
13
What is the remainder when 2950 is divided by 13?
12
Calculate the remainder when 157 is divided by 37.
9
What is the remainder when 19 is divided by 5?
4
Calculate the remainder when 879 is divided by 675.
204
Calculate the remainder when 159 is divided by 52.
3
What is the remainder when 163 is divided by 47?
22
Calculate the remainder when 452 is divided by 105.
32
What is the remainder when 2394 is divided by 792?
18
What is the remainder when 15 is divided by 3?
0
What is the remainder when 549 is divided by 29?
27
What is the remainder when 668 is divided by 15?
8
What is the remainder when 308 is divided by 217?
91
Calculate the remainder when 145 is divided by 46.
7
What is the remainder when 603 is divided by 6?
3
What is the remainder when 36982 is divided by 13?
10
What is the remainder when 28 is divided by 15?
13
Calculate the remainder when 261 is divided by 28.
9
What is the remainder when 3454 is divided by 77?
66
Calculate the remainder when 574 is divided by 17.
13
Calculate the remainder when 44 is divided by 9.
8
What is the remainder when 236 is divided by 62?
50
Calculate the remainder when 131 is divided by 14.
5
What is the remainder when 323 is divided by 18?
17
Calculate the remainder when 816 is divided by 19.
18
Calculate the remainder when 241 is divided by 11.
10
Calculate the remainder when 41 is divided by 7.
6
What is the remainder when 176 is divided by 36?
32
Calculate the remainder when 696 is divided by 19.
12
What is the remainder when 2169 is divided by 12?
9
Calculate the remainder when 52 is divided by 3.
1
Calculate the remainder when 446 is divided by 92.
78
Calculate the remainder when 820 is divided by 30.
10
Calculate the remainder when 112 is divided by 15.
7
What is the remainder when 573 is divided by 72?
69
What is the remainder when 203 is divided by 34?
33
Calculate the remainder when 1340 is divided by 61.
59
Calculate the remainder when 377 is divided by 54.
53
Calculate the remainder when 99 is divided by 83.
16
Calculate the remainder when 381 is divided by 98.
87
Calculate the remainder when 50918 is divided by 152.
150
What is the remainder when 376 is divided by 12?
4
What is the remainder when 554 is divided by 112?
106
What is the remainder when 175 is divided by 61?
53
What is the remainder when 145 is divided by 6?
1
Calculate the remainder when 12849 is divided by 42.
39
What is the remainder when 294 is divided by 72?
6
What is the remainder when 601 is divided by 177?
70
What is the remainder when 114 is divided by 11?
4
Calculate the remainder when 42 is divided by 33.
9
Calculate the remainder when 85 is divided by 45.
40
What is the remainder when 16 is divided by 10?
6
Calculate the remainder when 9404 is divided by 57.
56
Calculate the remainder when 45 is divided by 7.
3
What is the remainder when 662 is divided by 188?
98
Calculate the remainder when 2421 is divided by 96.
21
Calculate the remainder when 231 is divided by 71.
18
Calculate the remainder when 623 is divided by 587.
36
What is the remainder when 791 is divided by 100?
91
What is the remainder when 348 is divided by 118?
112
Calculate the remainder when 5972 is divided by 12.
8
What is the remainder when 1627 is divided by 542?
1
What is the remainder when 241 is divided by 41?
36
Calculate the remainder when 2384 is divided by 476.
4
Calculate the remainder when 502 is divided by 488.
14
What is the remainder when 9543 is divided by 4?
3
Calculate the remainder when 1580 is divided by 44.
40
What is the remainder when 159 is divided by 82?
77
What is the remainder when 280 is divided by 47?
45
What is the remainder when 3945 is divided by 12?
9
Calculate the remainder when 176 is divided by 89.
87
Calculate the remainder when 835 is divided by 11.
10
What is the remainder when 88 is divided by 3?
1
Calculate the remainder when 3478 is divided by 20.
18
Calculate the remainder when 140 is divided by 61.
18
Calculate the remainder when 490 is divided by 41.
39
What is the remainder when 3977 is divided by 3971?
6
What is the remainder when 10122 is divided by 15?
12
Calculate the remainder when 109 is divided by 41.
27
Calculate the remainder when 3665 is divided by 39.
38
Calculate the remainder when 37 is divided by 19.
18
What is the remainder when 8 is divided by 8?
0
Calculate the remainder when 250 is divided by 15.
10
What is the remainder when 98 is divided by 35?
28
What is the remainder when 7 is divided by 1?
0
Calculate the remainder when 332 is divided by 37.
36
Calculate the remainder when 358 is divided by 54.
34
What is the remainder when 110 is divided by 39?
32
Calculate the remainder when 4384 is divided by 113.
90
What is the remainder when 1021 is divided by 275?
196
What is the remainder when 726 is divided by 27?
24
What is the remainder when 1658 is divided by 184?
2
What is the remainder when 5128 is divided by 19?
17
What is the remainder when 27 is divided by 6?
3
Calculate the remainder when 120 is divided by 9.
3
Calculate the remainder when 19 is divided by 4.
3
What is the remainder when 45479 is divided by 20?
19
Calculate the remainder when 608 is divided by 23.
10
What is the remainder when 2141 is divided by 15?
11
Calculate the remainder when 612 is divided by 612.
0
What is the remainder when 191 is divided by 28?
23
What is the remainder when 158 is divided by 44?
26
Calculate the remainder when 412 is divided by 137.
1
What is the remainder when 569 is divided by 186?
11
What is the remainder when 241 is divided by 216?
25
Calculate the remainder when 457 is divided by 32.
9
Calculate the remainder when 3001 is divided by 77.
75
Calculate the remainder when 1601 is divided by 17.
3
Calculate the remainder when 461 is divided by 16.
13
What is the remainder when 7593 is divided by 152?
145
Calculate the remainder when 327 is divided by 111.
105
What is the remainder when 257 is divided by 43?
42
Calculate the remainder when 29 is divided by 10.
9
Calculate the remainder when 274 is divided by 58.
42
Calculate the remainder when 843 is divided by 265.
48
What is the remainder when 340 is divided by 25?
15
What is the remainder when 359 is divided by 87?
11
Calculate the remainder when 1472 is divided by 36.
32
Calculate the remainder when 136 is divided by 75.
61
Calculate the remainder when 74 is divided by 17.
6
What is the remainder when 4530 is divided by 11?
9
Calculate the remainder when 251 is divided by 109.
33
What is the remainder when 103 is divided by 51?
1
Calculate the remainder when 375 is divided by 21.
18
What is the remainder when 71 is divided by 1?
0
What is the remainder when 403 is divided by 102?
97
Calculate the remainder when 118 is divided by 7.
6
What is the remainder when 259 is divided by 88?
83
Calculate the remainder when 47639 is divided by 24.
23
Calculate the remainder when 2398 is divided by 397.
16
What is the remainder when 1798 is divided by 53?
49
Calculate the remainder when 27 is divided by 12.
3
Calculate the remainder when 7888 is divided by 26.
10
Calculate the remainder when 63 is divided by 32.
31
What is the remainder when 3245 is divided by 191?
189
What is the remainder when 2314 is divided by 80?
74
What is the remainder when 307 is divided by 42?
13
What is the remainder when 4182 is divided by 13?
9
What is the remainder when 5691 is divided by 19?
10
What is the remainder when 1863 is divided by 52?
43
Calculate the remainder when 2082 is divided by 2055.
27
Calculate the remainder when 18038 is divided by 41.
39
What is the remainder when 330 is divided by 93?
51
Calculate the remainder when 29 is divided by 27.
2
What is the remainder when 18156 is divided by 7?
5
Calculate the remainder when 84 is divided by 70.
14
What is the remainder when 124 is divided by 68?
56
What is the remainder when 287 is divided by 24?
23
Calculate the remainder when 2566 is divided by 511.
11
What is the remainder when 17714 is divided by 86?
84
Calculate the remainder when 